ultiple of 11?
True
Is 1689 a multiple of 38?
False
Is 3744 a multiple of 16?
True
Is 762 a multiple of 69?
False
Does 33 divide 759?
True
Is 109197 a multiple of 14?
False
Is 405 a multiple of 35?
False
Does 10 divide 550?
True
Does 9 divide 4518?
True
Is 35670 a multiple of 174?
True
Does 71 divide 2460?
False
Is 663 a multiple of 51?
True
Is 6746 a multiple of 27?
False
Is 7677 a multiple of 27?
False
Does 10 divide 207?
False
Is 15 a factor of 450?
True
Does 9 divide 7348?
False
Is 751 a multiple of 4?
False
Does 43 divide 7947?
False
Is 1460 a multiple of 20?
True
Is 288 a multiple of 18?
True
Is 12 a factor of 1101?
False
Is 12 a factor of 2106?
False
Is 3 a factor of 14504?
False
Does 11 divide 25773?
True
Is 204 a multiple of 51?
True
Does 41 divide 3893?
False
Is 43 a factor of 17157?
True
Is 13 a factor of 3701?
False
Is 2180 a multiple of 42?
False
Does 16 divide 48736?
True
Does 5 divide 370?
True
Is 132 a factor of 12994?
False
Is 767 a multiple of 13?
True
Does 137 divide 21646?
True
Does 26 divide 103896?
True
Does 28 divide 35710?
False
Is 170 a factor of 93719?
False
Is 21736 a multiple of 22?
True
Does 29 divide 2813?
True
Is 17 a factor of 18881?
False
Does 28 divide 18872?
True
Is 99 a factor of 41512?
False
Is 22880 a multiple of 176?
True
Does 3 divide 4558?
False
Is 37406 a multiple of 317?
True
Is 21 a factor of 88?
False
Is 45 a factor of 17910?
True
Does 56 divide 7713?
False
Is 114696 a multiple of 12?
True
Does 11 divide 9724?
True
Is 88 a factor of 2992?
True
Does 8 divide 51319?
False
Is 4653 a multiple of 11?
True
Is 124 a factor of 5957?
False
Is 59 a factor of 5664?
True
Is 132 a factor of 5808?
True
Is 868 a multiple of 7?
True
Is 30 a factor of 54738?
False
Is 13 a factor of 269?
False
Is 7 a factor of 246?
False
Is 5 a factor of 25?
True
Is 1192 a multiple of 10?
False
Is 37 a factor of 117189?
False
Is 4554 a multiple of 22?
True
Is 11 a factor of 3531?
True
Is 8982 a multiple of 121?
False
Is 911 a multiple of 4?
False
Does 14 divide 546?
True
Is 6 a factor of 258?
True
Is 1224 a multiple of 6?
True
Is 11 a factor of 1078?
True
Is 14 a factor of 74?
False
Does 24 divide 12421?
False
Is 19 a factor of 20026?
True
Does 19 divide 3602?
False
Does 26 divide 2254?
False
Does 30 divide 3300?
True
Does 5 divide 1368?
False
Is 2 a factor of 15?
False
Does 22 divide 1074?
False
Does 11 divide 3597?
True
Is 9857 a multiple of 65?
False
Does 69 divide 3575?
False
Is 78 a factor of 22027?
False
Does 11 divide 28886?
True
Is 691 a multiple of 32?
False
Is 720 a multiple of 15?
True
Is 3857 a multiple of 126?
False
Does 10 divide 13494?
False
Is 63 a factor of 1625?
False
Does 23 divide 23552?
True
Is 10464 a multiple of 16?
True
Does 5 divide 802?
False
Does 27 divide 982?
False
Is 111 a factor of 32418?
False
Is 77 a factor of 4562?
False
Does 21 divide 4389?
True
Does 4 divide 500?
True
Is 23996 a multiple of 28?
True
Does 17 divide 21855?
False
Is 49 a factor of 29024?
False
Does 32 divide 745?
False
Does 6 divide 704?
False
Does 26 divide 702?
True
Is 45 a multiple of 3?
True
Is 441 a multiple of 21?
True
Does 19 divide 3097?
True
Does 46 divide 1012?
True
Is 12 a factor of 646?
False
Is 63 a factor of 4095?
True
Does 16 divide 60784?
True
Is 31383 a multiple of 46?
False
Is 11 a factor of 5214?
True
Does 19 divide 8436?
True
Is 49041 a multiple of 237?
False
Does 14 divide 5648?
False
Is 32 a factor of 768?
True
Is 17 a factor of 10948?
True
Is 141 a factor of 3243?
True
Is 992 a multiple of 32?
True
Is 1047 a multiple of 63?
False
Does 23 divide 47242?
True
Is 6 a factor of 1657?
False
Is 12306 a multiple of 8?
False
Is 1746 a multiple of 30?
False
Does 39 divide 8619?
True
Does 106 divide 78576?
False
Is 134 even?
True
Is 22 a factor of 1731?
False
Does 7 divide 5307?
False
Is 10 a factor of 18460?
True
Is 34160 a multiple of 280?
True
Is 784 a multiple of 16?
True
Is 15 a factor of 783?
False
Is 36 a factor of 5874?
False
Does 59 divide 921?
False
Is 36 a factor of 6984?
True
Is 97 a factor of 3298?
True
Is 45 a factor of 6167?
False
Is 2206 a multiple of 11?
False
Does 57 divide 3477?
True
Is 8835 a multiple of 68?
False
Is 52 a multiple of 2?
True
Does 44 divide 15092?
True
Does 21 divide 1071?
True
Is 112 a factor of 43680?
True
Is 12 a factor of 276?
True
Is 32770 a multiple of 110?
False
Is 12 a factor of 3701?
False
Is 5 a factor of 1356?
False
Is 17 a factor of 3910?
True
Is 52 a factor of 36556?
True
Is 15174 a multiple of 9?
True
Is 5 a factor of 98?
False
Is 89 a factor of 131004?
False
Is 11 a factor of 699?
False
Is 3582 a multiple of 18?
True
Is 171 a multiple of 40?
False
Does 10 divide 620?
True
Does 14 divide 1045?
False
Is 1624 a multiple of 61?
False
Does 18 divide 36036?
True
Is 72 a factor of 5760?
True
Is 336 a multiple of 14?
True
Does 19 divide 6707?
True
Is 12 a factor of 1260?
True
Is 1206 a multiple of 201?
True
Is 11 a factor of 341?
True
Does 46 divide 13449?
False
Is 5798 a multiple of 10?
False
Is 18 a factor of 396?
True
Is 42 a factor of 50029?
False
Does 18 divide 2466?
True
Does 194 divide 45089?
False
Does 5 divide 56?
False
Is 13 a factor of 832?
True
Is 110 a factor of 8800?
True
Is 1988 a multiple of 4?
True
Is 37124 a multiple of 32?
False
Is 4 a factor of 24195?
False
Does 57 divide 6503?
False
Is 15 a factor of 1902?
False
Does 8 divide 11251?
False
Is 15417 a multiple of 21?
False
Does 35 divide 7735?
True
Is 14305 a multiple of 7?
False
Does 24 divide 3000?
True
Is 155 a factor of 27125?
True
Does 56 divide 7976?
False
Is 5661 a multiple of 21?
False
Is 36 a factor of 4534?
False
Does 46 divide 4186?
True
Is 7 a factor of 63?
True
Is 30 a factor of 390?
True
Does 31 divide 4293?
False
Is 1222 a multiple of 47?
True
Is 852 a multiple of 142?
True
Is 22 a factor of 48862?
True
Is 2754 a multiple of 153?
True
Does 19 divide 7790?
True
Is 3 a factor of 268?
False
Is 34340 a multiple of 255?
False
Does 14 divide 1184?
False
Is 1936 a multiple of 6?
False
Does 11 divide 2324?
False
Is 8 a factor of 356?
False
Does 68 divide 6438?
False
Is 2938 a multiple of 13?
True
Does 10 divide 950?
True
Is 18 a factor of 5068?
False
Is 32 a factor of 512?
True
Is 4 a factor of 4706?
False
Is 47 a factor of 2209?
True
Is 124 even?
True
Is 25 a factor of 1268?
False
Is 677 a multiple of 66?
False
Is 207 a multiple of 3?
True
Is 116 a multiple of 4?
True
Does 176 divide 4576?
True
Does 108 divide 58024?
False
Does 2 divide 819?
False
Is 51 a factor of 527?
False
Is 183 a multiple of 32?
False
Is 53 a factor of 53689?
True
Does 70 divide 4113?
False
Is 2376 a multiple of 36?
True
Does 21 divide 1428?
True
Does 20 divide 32012?
False
Is 20 a factor of 2062?
False
Is 21866 a multiple of 29?
True
Is 15149 a multiple of 22?
False
Is 532 a multiple of 28?
True
Is 1050 a multiple of 42?
True
Does 109 divide 1090?
True
Is 198 a multiple of 47?
False
Is 5117 a multiple of 17?
True
Is 546 a multiple of 168?
False
Does 34 divide 3374?
False
Does 175 divide 4036?
False
Is 2883 a multiple of 40?
False
Does 124 divide 4092?
True
Is 23 a factor of 9315?
True
Is 385 a multiple of 25?
False
Is 6 a factor of 30?
True
Is 9 a factor of 63?
True
Is 14 a factor of 3453?
False
Is 4 a factor of 80?
True
Is 20 a factor of 474?
False
Is 35172 a multiple of 12?
True
Is 28 a factor of 252?
True
Is 26060 a multiple of 53?
False
Does 101 divide 26563?
True
Is 77350 a multiple of 25?
True
Is 2652 a multiple of 26?
True
Does 9 divide 294?
False
Does 22 divide 1980?
True
Is 5 a factor of 90?
True
Is 9471 a multiple of 21?
True
Is 57172 a multiple of 13?
False
Is 13 a factor of 390?
True
Is 1710 a multiple of 38?
True
Is 473 a multiple of 11?
True
Does 24 divide 336?
True
Is 15 a factor of 630?
True
Is 50 a factor of 8063?
False
Does 177 divide 1929?
False
Is 11 a factor of 19547?
True
Is 674 a multiple of 43?
False
Is 29 a factor of 3292?
False
Is 14740 a multiple of 134?
True
Is 160 a multiple of 40?
True
Does 31 divide 6697?
False
Is 5399 a multiple of 55?
False
Is 3334 a multiple of 102?
False
Is 6870 a multiple of 15?
True
Is 1590 a multiple of 30?
True
Is 3623 a multiple of 12?
False
Is 2 a factor of 4771?
False
Is 24992 a multiple of 3?
False
Is 572 a multiple of 26?
True
Is 2 a factor of 2766?
True
Is 6846 a mu